*h - 210 = o*h. What is the greatest common factor of 175 and h?
35
Let q = -44 - 60. Let p = 106 + q. What is the greatest common factor of p and 7?
1
Let a be 20/50 + (-306)/15. Let h(l) = l**2 + 21*l + 34. Let c be h(a). Let i be 6/(-12) + 15/2. What is the highest common factor of i and c?
7
Let n = 10 - 2. Let u = -137 - -197. Let t = -20 + u. Calculate the highest common divisor of t and n.
8
Let q = 577 + -213. Let t = q - 273. What is the highest common factor of t and 49?
7
Let u be 13 - ((-21)/(-3) - (-1 - 0)). Suppose n + 3*n = 64. Let p = n - 11. What is the greatest common factor of u and p?
5
Let n = -15459 - -17933. Calculate the highest common factor of n and 2.
2
Suppose -111*c = -106*c - 185. Suppose c*o - 312 = 24*o. What is the greatest common divisor of o and 28?
4
Let h = 37 - 15. Suppose 0 = 26*s - 1341 - 736 + 361. What is the greatest common divisor of h and s?
22
Let t = 147 + -115. Let v(b) = 18*b**2 + 4*b - 16. Let j be v(4). Calculate the greatest common divisor of j and t.
32
Let u(s) = -107*s - 25. Let z be u(-3). Let f(a) = a**2 - 8*a - 12. Let d be f(10). Calculate the greatest common factor of d and z.
8
Let u = -96 - -263. Let p = -155 + u. What is the highest common divisor of 318 and p?
6
Suppose -3*q - 124653 = 6*l - 10*l, l + 4*q = 31130. What is the greatest common divisor of 54 and l?
54
Suppose 4*h + 4*s = -0*h - 20, 3*h = 5*s - 23. Let f be (-10)/h + (-4520)/(-60). What is the highest common factor of 7 and f?
7
Let q = -2892 - -3348. What is the greatest common factor of 247 and q?
19
Suppose l + l + 104 = 0. Let o = l + 89. Let p = 106 - o. Calculate the highest common divisor of 23 and p.
23
Suppose 54 = o + 5*o. Let w(v) = v - 3*v + 0*v + v + 39. Let g be w(o). What is the greatest common factor of 270 and g?
30
Suppose -4*i - 1859 - 708 = -3*r, 3*r - 3*i - 2571 = 0. What is the greatest common factor of 9 and r?
3
Let k(y) = 8*y - 11. Let d be 48*3/(-9 - -3)*2. Let r = -44 - d. Let u be k(r). What is the highest common factor of 3 and u?
3
Let n = 12962 + -9226. Calculate the greatest common divisor of n and 8.
8
Suppose -4*t = 2*n - 245 - 105, -t + 87 = n. Suppose -6*l = 1214 - 224. Let q = -157 - l. What is the greatest common divisor of t and q?
8
Suppose 71*w - 12042996 = -396*w. Calculate the greatest common divisor of 12 and w.
12
Let b be (-122)/(-4) + (9/6 - 0). Let w be (88/b)/(2/8). Let t = w - -6. Calculate the greatest common divisor of t and 119.
17
Let i(o) = -19*o + 999. Let m be -5 - 50/(-7 - 3). Let c be i(m). What is the highest common factor of 27 and c?
27
Suppose -10*d + 14*d = 72. Suppose -d*f + 140 = -310. Calculate the highest common divisor of 35 and f.
5
Let o(u) be the second derivative of -u**3/6 + 51*u**2/2 - 24*u. Let x be o(17). Let a be 51*(-6 + 3)/(-3). Calculate the highest common factor of a and x.
17
Let u be 3783/9 + (-8)/(23 + 1). Calculate the greatest common divisor of u and 660.
60
Let b be (-1*(6 - 28) + -8)*4. Calculate the greatest common factor of b and 1184.
8
Let o be (-7 - 455/(-77))/(9/(-396)). Let f be 2*3/(-6) + 6. Suppose 0 = -3*d - a + 43, f*a - 55 = -6*d + d. What is the greatest common factor of o and d?
16
Suppose -970*z + 1000*z = 840. Calculate the highest common divisor of z and 756.
28
Let m(c) = 26*c + 4327. Let r be m(-108). Calculate the greatest common divisor of r and 2387.
217
Suppose 108*d - 63*d - 85680 = 0. What is the greatest common factor of 34 and d?
34
Suppose 310*v + 117030 = 539*v + 601*v. Let k be 24/(-40) + 36/10. What is the highest common divisor of k and v?
3
Let w(g) = g**3 - 20*g**2 - 93*g + 126. Let t be w(24). What is the highest common divisor of t and 2?
2
Let o(v) be the first derivative of 7*v**2 + 22*v + 17. Let j be o(17). Let g be j/22 + 4/22. What is the greatest common factor of g and 48?
12
Suppose 2*m - 4*p = -9*p + 63, -m + 4*p = -64. What is the greatest common divisor of m and 32076?
44
Suppose 3*w = -2*r - 223, -w + r + 4*r = 80. Let z = 72 - w. Calculate the highest common factor of z and 21.
21
Let u = -20 - -22. Let a(l) = 2*l + 14. Let r be a(u). Suppose -3*y - r = -x, y + y + 82 = 4*x. What is the highest common factor of x and 21?
21
Suppose 0 = 229*j - 5468 - 1860. Calculate the highest common factor of j and 5632.
32
Let f = 133 - 21. Let j(h) = h**3 + 4*h**2 - 9*h - 6. Let p be j(-5). What is the greatest common factor of p and f?
14
Let v be 7*3*-1*(-14)/6. Let i be ((-1)/3)/((-1)/(-9)). Let t be (i + 2 + 3)/(2/7). Calculate the highest common divisor of v and t.
7
Let v = 58 - 55. Let i = 169 - 136. What is the highest common divisor of v and i?
3
Suppose 2*j + 2*q = -70, q + 102 = -3*j - q. Let m be 6*(-7)/(84/j). Let z be (2/4)/(8/(-1792)*-7). Calculate the greatest common divisor of m and z.
16
Let s be ((-1080)/(-32) + -9)/(6/480). Calculate the highest common factor of s and 720.
180
Let t(x) = x + 15. Let n be t(0). Suppose -112*h - 8*h = 12707 - 90107. What is the highest common divisor of h and n?
15
Suppose -30 = 5*g - 3*g - 2*m, -4*g - 36 = 4*m. Let x = 23 + g. Let c(i) = i + 26. Let f be c(x). Calculate the highest common divisor of f and 37.
37
Let p = -7547 - -8642. What is the highest common factor of 180 and p?
15
Let w(v) = -4*v**2 + 107*v + 183. Let q be w(27). What is the greatest common factor of 598 and q?
26
Suppose q = 2*d - 2 - 7, 0 = 2*d + 10. Let v be (0 + -3 + q)*-4. Let x be -4 + 4 + 0 + 11. What is the greatest common factor of x and v?
11
Suppose -2 = 4*d - 46. Suppose -179*s + 180*s + 62 - 150 = 0. What is the highest common divisor of s and d?
11
Let h be (-5)/(10/4)*6. Let i be (-3)/(1 + h/9). Suppose 0 = -2763*v + 2754*v + 81. Calculate the greatest common factor of v and i.
9
Let f(h) = 1576*h**2 + 66*h - 2. Let j be f(-2). What is the highest common divisor of 10 and j?
10
Let i(o) = -o**3 + 30*o**2 - 16*o - 35. Let q be i(29). Suppose 3*l - 3*h - 1698 = 0, -l - 2*h - 80 + 658 = 0. What is the greatest common factor of q and l?
114
Let y = -1681 - -2557. Suppose 46*a = 52*a - y. Suppose -3*t + a = -109. Calculate the greatest common factor of t and 34.
17
Suppose -2*d - d + 78 = 0. Let a be (d/(-6))/(3/(-9)). Let u = 8666 + -8549. What is the highest common divisor of a and u?
13
Let w(k) = -k**2 - k - 2. Let b be w(-8). Let t = b + 67. Let s(x) = x**3 - 10*x**2 + 9*x + 24. Let v be s(t). Calculate the greatest common factor of 32 and v.
8
Let q(p) = -p**3 - 23*p**2 - p - 18. Let w be q(-23). Suppose w*a = 14*a + 315. Let z be (-24)/16 - a/2. What is the highest common factor of z and 4?
4
Suppose 266 = u - 5*d, -12*d = -5*u - 7*d + 1250. Suppose -4*w = u - 1926. Calculate the greatest common divisor of 120 and w.
60
Suppose 4*u - 2*u = 36. Suppose 2*k + 0*k = u. Suppose -58*b + 2574 = -32*b. Calculate the greatest common divisor of k and b.
9
Let i(n) = -11*n + 14. Let c be i(-9). Let u be 1/4 - 105/(-28). Suppose 0 = u*k - 16 + 4, -o - k + c = 0. Calculate the greatest common divisor of o and 22.
22
Let r = 48 - 158. Let q = r + 210. What is the greatest common factor of 80 and q?
20
Suppose 0 = -17*w - 110 - 519. Let v(a) = a + 58. Let y be v(0). Let g = w + y. Calculate the highest common divisor of g and 42.
21
Let x(l) = -2*l - 22. Let s be x(-15). Let y be 206*2/s - (-4)/(-8). Let q be (2 - 1)*y/17. What is the greatest common divisor of q and 6?
3
Let a(q) = 2*q**2 - 13*q + 46. Let d be a(0). Let p(l) = -4*l - 1. Let g be p(-6). Let r be g/(-3*(-1)/9). What is the greatest common factor of r and d?
23
Let i(p) = 32*p + 867. Let g be i(-26). Suppose o = -4*m + 79 + 17, 5*o - 564 = m. Let b = o + 273. What is the greatest common factor of g and b?
35
Let d(l) = -36*l + 33. Let x be d(4). Let t = x + 111. Suppose w = -2*q - t*w + 85, -w - 75 = -2*q. What is the highest common divisor of q and 16?
8
Let v be (1 - 3)/((-12)/24). Suppose 0 = -4*i + 5*w - 20, -5*i - 7 = -v*w + 18. Let h = i + 35. What is the highest common factor of h and 75?
15
Let x be 0*(-5)/(-25) + -6*24. Let v = 86 + x. Let j = -46 - v. Calculate the highest common factor of 36 and j.
12
Let q(u) = -76*u - 1391. Let f be q(-19). Calculate the greatest common divisor of 35033 and f.
53
Let c = 16 + -12. Let i = c + 3. Suppose b - i*b = -192. What is the highest common factor o